0
Convert -10222 (base 3) to base 5.
-412
What is 2453 (base 6) in base 15?
2a9
-20a (base 15) to base 12
-324
-48a (base 13) to base 11
-659
2022020 (base 3) to base 13
9c3
Convert 1363 (base 11) to base 13.
a58
Convert 2121102 (base 3) to base 16.
76d
-1100202200 (base 3) to base 16
-68b2
b63 (base 14) to base 11
175a
Convert 22001211 (base 3) to base 12.
34a1
What is -13018 (base 10) in base 9?
-18764
Convert -100000011100 (base 2) to base 4.
-200130
-364a (base 12) to base 2
-1011111011010
Convert 30807 (base 10) to base 2.
111100001010111
What is -110100101111110 (base 2) in base 10?
-27006
What is -ddb (base 16) in base 3?
-11212101
Convert -13d0 (base 15) to base 9.
-5736
What is 235502 (base 6) in base 9?
31352
-371 (base 11) to base 16
-1b9
Convert -4e5 (base 16) to base 11.
-a3a
Convert 95a (base 13) to base 15.
716
-36335 (base 9) to base 13
-b0c9
What is -1241412 (base 5) in base 12?
-122a7
What is -4939 (base 10) in base 6?
-34511
-112654 (base 7) to base 5
-1121402
717 (base 12) to base 5
13102
What is 3150 (base 13) in base 10?
6825
What is -122201122 (base 3) in base 12?
-758b
-442 (base 12) to base 2
-1001110010
Convert -1693 (base 10) to base 3.
-2022201
What is -341425 (base 6) in base 12?
-14875
-20212320 (base 4) to base 2
-1000100110111000
6677 (base 14) to base 9
26306
What is 1254 (base 13) in base 2?
101000101100
-588 (base 10) to base 7
-1500
What is 213 (base 7) in base 8?
154
-122346 (base 7) to base 9
-33743
43c6 (base 14) to base 13
545c
Convert -14134 (base 5) to base 8.
-2221
Convert -11100011101100 (base 2) to base 13.
-682c
-624 (base 8) to base 5
-3104
What is 89b (base 14) in base 15?
78a
Convert 1100110111 (base 2) to base 10.
823
Convert 882 (base 10) to base 16.
372
What is 2414 (base 6) in base 9?
721
What is 15276 (base 9) in base 3?
112022120
120200 (base 3) to base 4
12213
-14657 (base 8) to base 9
-10015
Convert -41e (base 16) to base 2.
-10000011110
Convert -2075 (base 8) to base 3.
-1111012
65205 (base 7) to base 3
211020220
What is -1add (base 16) in base 13?
-3190
Convert -106077 (base 8) to base 16.
-8c3f
Convert -55520 (base 6) to base 15.
-246c
Convert 12a8 (base 12) to base 5.
32034
Convert -15805 (base 11) to base 4.
-11123331
10010101001 (base 2) to base 14
613
Convert 393 (base 10) to base 9.
476
What is -d7 (base 15) in base 2?
-11001010
What is -18c (base 14) in base 8?
-500
What is -3684 (base 9) in base 7?
-11005
-45470 (base 8) to base 3
-222102012
Convert 14135 (base 6) to base 12.
134b
Convert -1bbb (base 14) to base 9.
-6847
-378 (base 12) to base 9
-642
Convert -56707 (base 8) to base 14.
-8a6b
Convert 100112 (base 5) to base 11.
2410
Convert 1703 (base 8) to base 11.
7a6
Convert -54473 (base 9) to base 16.
-8d0f
Convert -34123 (base 6) to base 11.
-3677
Convert -54056 (base 8) to base 3.
-1010222002
-19c (base 15) to base 5
-2442
What is 1485 (base 9) in base 13?
68c
-c741 (base 13) to base 12
-13b80
Convert -134434 (base 5) to base 9.
-7633
Convert 225 (base 12) to base 3.
102202
2202202 (base 3) to base 4
133202
Convert -48686 (base 10) to base 6.
-1013222
-2022022100 (base 3) to base 16
-b16f
101000000011 (base 2) to base 11
1a20
-469 (base 13) to base 8
-1373
Convert 161 (base 7) to base 10.
92
5773 (base 8) to base 3
11012121
What is 6c91 (base 14) in base 6?
223411
-118a (base 15) to base 8
-7222
Convert 21188 (base 9) to base 2.
11011010111100
What is 3247 (base 10) in base 14?
127d
What is -466 (base 8) in base 10?
-310
20 (base 5) to base 8
12
882 (base 13) to base 2
10110110010
Convert -16b0b (base 14) to base 7.
-325214
What is 10111100110 (base 2) in base 10?
1510
What is -422a (base 15) in base 14?
-5154
Convert -11b4b (base 12) to base 5.
-1232412
What is -24011 (base 5) in base 3?
-2102001
-1498 (base 12) to base 8
-4564
What is b6a2 (base 12) in base 10?
19994
Convert 4880 (base 14) to base 8.
30560
What is 520103 (base 6) in base 5?
2312021
Convert 120215 (base 6) to base 16.
28d3
Convert -21468 (base 10) to base 3.
-1002110010
Convert 210 (base 7) to base 6.
253
Convert -32104 (base 5) to base 12.
-12b6
Convert -305 (base 10) to base 16.
-131
What is -176d (base 15) in base 8?
-11675
Convert 16204 (base 9) to base 5.
323401
What is 547e (base 16) in base 10?
21630
Convert -1a45a (base 14) to base 3.
-10101112010
Convert 10241 (base 7) to base 15.
b38
172 (base 10) to base 15
b7
1674 (base 12) to base 8
5170
Convert 674 (base 8) to base 12.
310
-31134 (base 5) to base 16
-7fc
2312033 (base 4) to base 5
333123
What is 350 (base 6) in base 3?
12010
Convert -13113 (base 9) to base 2.
-10001010001001
What is 51 (base 9) in base 10?
46
What is -c80 (base 13) in base 11?
-1669
Convert -1687 (base 13) to base 6.
-23214
-373 (base 10) to base 16
-175
What is 1000000100 (base 2) in base 16?
204
-300 (base 12) to base 4
-12300
Convert 666 (base 8) to base 16.
1b6
Convert -1322 (base 6) to base 5.
-2323
What is 1608 (base 10) in base 11?
1232
Convert -2c0 (base 15) to base 6.
-2530
1430 (base 5) to base 4
3300
Convert 520 (base 6) to base 14.
da
Convert -1411 (base 5) to base 15.
-106
Convert 13052 (base 7) to base 5.
102332
114d (base 15) to base 16
e59
What is -344 (base 12) in base 13?
-2b3
Convert 33333 (base 6) to base 12.
2849
-4501 (base 6) to base 4
-100111
What is -4562 (base 9) in base 16?
-d31
491c (base 13) to base 3
112011202
What is 322112 (base 6) in base 14?
9896
-274 (base 13) to base 8
-661
What is 1111110222 (base 3) in base 6?
344342
What is -381 (base 9) in base 16?
-13c
What is -8d7 (base 15) in base 16?
-7d2
Convert -dba (base 14) to base 4.
-222120
Convert 1010020 (base 3) to base 2.
1100110000
-410202 (base 5) to base 6
-141001
Convert 3663 (base 12) to base 6.
44203
-110011 (base 3) to base 15
-16d
What is -7256 (base 11) in base 2?
-10010110010100
cc3 (base 13) to base 2
100010001011
1101101100010001 (base 2) to base 16
db11
Convert 190dc (base 15) to base 8.
236467
-1000100110110 (base 2) to base 9
-6035
410 (base 16) to base 4
100100
Convert 212001 (base 3) to base 11.
516
Convert -1347 (base 15) to base 13.
-1b49
What is -18308 (base 9) in base 4?
-3011210
What is 1100213 (base 4) in base 12?
2b9b
Convert -1110001011100 (base 2) to base 10.
-7260
What is -30540 (base 9) in base 15?
-5e69
35353 (base 6) to base 7
20616
-4779 (base 11) to base 12
-3755
What is -1200212 (base 3) in base 9?
-1625
Convert 1213010 (base 4) to base 9.
10038
Convert 18334 (base 10) to base 13.
8464
What is -150b2 (base 14) in base 5?
-3133132
-431033 (base 5) to base 10
-14518
Convert -1cc (base 15) to base 3.
-120110
Convert 12d (base 16) to base 13.
1a2
Convert -10486 (base 12) to base 11.
-150a8
Convert -790 (base 14) to base 12.
-a4a
What is -423 (base 5) in base 11?
-a3
Convert 11220001 (base 3) to base 7.
13252
What is 30335 (base 11) in base 8?
126444
What is -16136 (base 7) in base 11?
-3453
-632 (base 11) to base 4
-23321
What is 263 (base 14) in base 16?
1df
What is 3432 (base 7) in base 12?
880
What is -10103 (base 4) in base 16?
-113
-1322202 (base 4) to base 13
-3753
What is -7b7c (base 14) in base 3?
-1002110100
Convert -233211 (base 5) to base 10.
-8556
-33351 (base 6) to base 4
-1021003
What is 4608 (base 12) in base 13?
370a
Convert -160 (base 13) to base 16.
-f7
Convert 302420 (base 5) to base 8.
23007
150533 (base 6) to base 13
6771
Convert -803 (base 15) to base 11.
-139a
6406 (base 8) to base 2
110100000110
Convert 863 (base 12) to base 6.
5403
What is -29 (base 12) in base 13?
-27
e5 (base 16) to base 6
1021
-22454 (base 8) to base 6
-112020
What is -23533 (base 6) in base 15?
-1046
What is -1401 (base 6) in base 15?
-191
Convert 1001101 (base 3) to base 14.
3ca
Convert -155 (base 11) to base 3.
-20201
What is -a486 (base 11) in base 12?
-8054
Convert 59 (base 15) to base 14.
60
What is -103213 (base 4) in base 6?
-5451
Convert 14424 (base 7) to base 5.
111422
Convert 1265 (base 7) to base 10.
488
What is 120201020 (base 3) in base 5?
331304
Convert -7021 (base 8) to base 3.
-11221101
-2686 (base 14) to base 4
-1221332
Convert 3400 (base 6) to base 16.
318
4a1 (base 16) to base 15
540
14102 (base 5) to base 6
5200
Convert 1102001 (base 3) to base 13.
610
Convert -136 (base 7) to base 14.
-56
Convert -5337 (base 9) to base 10.
-3922
Convert 22